actor of 604 and 1703884?
604
Calculate the highest common factor of 207 and 157527.
207
What is the highest common factor of 404753 and 5916?
493
What is the highest common divisor of 826 and 15036?
14
Calculate the highest common factor of 6539 and 1509.
503
Calculate the greatest common divisor of 1855 and 4865.
35
What is the highest common factor of 587942 and 7592?
146
Calculate the greatest common factor of 277168 and 14416.
272
Calculate the highest common divisor of 139737 and 39.
39
Calculate the greatest common factor of 110390 and 1140.
190
What is the greatest common divisor of 23220 and 27735?
645
Calculate the highest common divisor of 174769 and 7.
7
Calculate the highest common divisor of 23056 and 131.
131
What is the highest common factor of 34 and 786862?
34
What is the highest common divisor of 25438 and 474?
158
Calculate the greatest common factor of 160 and 30.
10
What is the greatest common factor of 3888 and 6464?
16
Calculate the greatest common divisor of 3885 and 26196.
111
Calculate the greatest common divisor of 875 and 58450.
175
Calculate the greatest common factor of 648 and 12258.
54
Calculate the greatest common factor of 424521 and 729.
243
What is the greatest common factor of 514878 and 738?
246
Calculate the highest common divisor of 51512 and 2632.
376
Calculate the greatest common divisor of 4199104 and 1664.
832
What is the greatest common factor of 150 and 127425?
75
Calculate the highest common factor of 3807 and 1739.
47
Calculate the highest common factor of 6177730 and 260.
130
What is the highest common divisor of 690 and 3329940?
690
Calculate the highest common factor of 1071 and 1683.
153
What is the highest common divisor of 143 and 5018?
13
Calculate the greatest common factor of 391034 and 2544.
106
What is the highest common divisor of 600648 and 5568?
696
Calculate the highest common divisor of 36 and 6422988.
12
What is the highest common factor of 4 and 5162?
2
What is the greatest common factor of 6370 and 1378?
26
What is the highest common factor of 23888 and 112?
16
Calculate the greatest common divisor of 66096 and 2484.
108
Calculate the greatest common divisor of 7633 and 13919.
449
What is the greatest common divisor of 399 and 37373?
133
What is the highest common divisor of 27 and 38232?
27
Calculate the highest common divisor of 16047 and 81.
9
What is the highest common divisor of 27004 and 366124?
628
What is the greatest common divisor of 8992 and 257958?
562
Calculate the highest common factor of 46905 and 100005.
885
Calculate the greatest common divisor of 128737 and 742.
371
What is the greatest common factor of 150 and 341475?
75
Calculate the highest common factor of 74899 and 242.
121
Calculate the highest common factor of 15363 and 153.
9
Calculate the greatest common divisor of 216 and 7263.
27
Calculate the greatest common factor of 4464 and 176.
16
Calculate the highest common factor of 56 and 4046.
14
Calculate the greatest common factor of 28 and 40873.
7
What is the highest common divisor of 2328 and 488?
8
What is the highest common divisor of 19480 and 520?
40
Calculate the highest common factor of 40495 and 52.
13
What is the greatest common factor of 2241 and 18177?
249
Calculate the highest common divisor of 34 and 91579.
17
Calculate the greatest common factor of 1192797 and 90.
9
What is the greatest common divisor of 38 and 27227?
19
What is the highest common divisor of 5408 and 391456?
416
Calculate the greatest common factor of 6560 and 2517728.
1312
Calculate the greatest common factor of 1219922 and 484.
242
What is the greatest common divisor of 52681 and 24256?
379
What is the highest common divisor of 60 and 3845500?
20
Calculate the greatest common divisor of 127466 and 36754.
782
What is the greatest common factor of 17085 and 8910?
15
What is the greatest common factor of 152 and 5029680?
152
What is the greatest common factor of 1005 and 435?
15
Calculate the highest common divisor of 18 and 135477.
9
Calculate the greatest common divisor of 289560 and 152.
152
Calculate the highest common divisor of 3476 and 176.
44
What is the greatest common divisor of 1020 and 756?
12
Calculate the greatest common divisor of 425625 and 681.
681
What is the highest common divisor of 224 and 418208?
224
What is the highest common factor of 6896705 and 1685?
1685
Calculate the highest common divisor of 342 and 22554.
18
Calculate the greatest common divisor of 42 and 29394.
6
Calculate the highest common divisor of 3364001 and 1201.
1201
What is the greatest common factor of 552 and 2819064?
552
What is the greatest common divisor of 96101 and 17?
17
What is the highest common divisor of 601 and 2905835?
601
Calculate the greatest common divisor of 780 and 1981460.
260
Calculate the highest common divisor of 512 and 101744.
16
Calculate the highest common divisor of 315 and 406665.
315
What is the greatest common divisor of 814359 and 133?
133
What is the highest common divisor of 952 and 1309?
119
What is the greatest common divisor of 8800 and 1408?
352
What is the highest common divisor of 6973 and 48077?
367
What is the highest common divisor of 520 and 12805?
65
Calculate the highest common divisor of 85 and 1205.
5
What is the highest common factor of 1769 and 13891?
29
Calculate the greatest common factor of 167 and 74983.
167
Calculate the highest common divisor of 7565 and 162425.
445
Calculate the highest common divisor of 2 and 31762.
2
What is the greatest common factor of 1645 and 160505?
235
Calculate the highest common factor of 67 and 368969.
67
Calculate the greatest common divisor of 10011 and 111.
3
Calculate the greatest common divisor of 16258 and 814.
22
Calculate the highest common divisor of 12 and 272868.
12
What is the greatest common divisor of 4485 and 47541?
897
Calculate the highest common factor of 156 and 1725360.
156
What is the highest common factor of 4408 and 88920?
152
What is the highest common divisor of 7130 and 39680?
310
Calculate the highest common divisor of 285 and 1905.
15
Calculate the greatest common divisor of 1235 and 230.
5
Calculate the greatest common factor of 206 and 8347532.
206
Calculate the highest common divisor of 18 and 228159.
9
What is the greatest common divisor of 94927 and 3629?
191
What is the highest common factor of 63 and 956727?
9
Calculate the highest common divisor of 5528 and 104.
8
What is the greatest common divisor of 2635 and 1874539?
527
Calculate the greatest common factor of 1 and 352.
1
What is the greatest common divisor of 15 and 2300790?
15
What is the highest common divisor of 1180 and 340?
20
What is the highest common factor of 3478 and 4324?
94
Calculate the highest common factor of 11534 and 11218.
158
Calculate the highest common factor of 3318 and 78.
6
What is the highest common factor of 7173 and 3618?
9
Calculate the highest common divisor of 13195 and 91.
91
Calculate the highest common factor of 872 and 14933.
109
Calculate the greatest common factor of 2433951 and 426.
213
Calculate the greatest common factor of 291 and 37151.
97
Calculate the highest common divisor of 3456 and 45.
9
Calculate the greatest common divisor of 84042 and 165648.
1218
What is the highest common factor of 324382 and 59?
59
What is the greatest common divisor of 66692 and 2?
2
What is the highest common factor of 783 and 558?
9
Calculate the greatest common divisor of 2393358 and 66.
66
Calculate the highest common factor of 11831 and 1.
1
What is the greatest common factor of 5609 and 147019?
79
Calculate the highest common divisor of 280 and 386932.
28
What is the highest common factor of 133239 and 39?
3
Calculate the highest common divisor of 94482 and 232.
58
What is the highest common divisor of 360 and 5730?
30
What is the greatest common divisor of 66 and 867218?
22
Calculate the greatest common factor of 1845 and 1575.
45
What is the highest common factor of 152 and 53846?
38
Calculate the highest common divisor of 15799 and 244.
61
What is the highest common factor of 72 and 19476?
36
What is the greatest common divisor of 603 and 1827?
9
Calculate the greatest common divisor of 1135 and 29737.
227
What is the highest common factor of 2465 and 111418?
493
What is the